1?
3
What is -26 (base 9) in base 2?
-11000
Convert -37 (base 8) to base 5.
-111
-3 (base 12) to base 4
-3
What is -51 (base 13) in base 8?
-102
Convert -1 (base 11) to base 5.
-1
Convert 1001 (base 2) to base 15.
9
What is -86 (base 14) in base 7?
-226
What is 100 (base 2) in base 10?
4
Convert -11 (base 8) to base 6.
-13
2 (base 5) to base 8
2
What is -1 (base 10) in base 16?
-1
What is -1 (base 2) in base 3?
-1
Convert -6a (base 14) to base 3.
-10111
What is b8 (base 12) in base 16?
8c
3 (base 8) to base 7
3
3 (base 16) to base 9
3
21 (base 4) to base 16
9
Convert -2 (base 14) to base 13.
-2
What is c (base 13) in base 14?
c
Convert -101110 (base 2) to base 16.
-2e
-41 (base 8) to base 5
-113
Convert -25 (base 7) to base 14.
-15
-243 (base 7) to base 2
-10000001
What is -15 (base 6) in base 16?
-b
-1 (base 11) to base 4
-1
-175 (base 14) to base 8
-453
What is 13 (base 12) in base 7?
21
Convert -42 (base 9) to base 15.
-28
-14 (base 16) to base 13
-17
3 (base 11) to base 15
3
-ef (base 16) to base 15
-10e
What is -11110100 (base 2) in base 15?
-114
Convert -100 (base 2) to base 5.
-4
What is 26 (base 12) in base 16?
1e
1100 (base 3) to base 10
36
-1 (base 5) to base 13
-1
What is 138 (base 10) in base 5?
1023
-7 (base 13) to base 16
-7
Convert 10 (base 10) to base 3.
101
Convert -23 (base 4) to base 15.
-b
Convert 117 (base 8) to base 16.
4f
Convert 10002 (base 3) to base 12.
6b
What is 50 (base 15) in base 14?
55
Convert 3 (base 4) to base 5.
3
Convert -1 (base 2) to base 15.
-1
Convert -4 (base 14) to base 2.
-100
1 (base 16) to base 9
1
Convert 41 (base 15) to base 6.
141
Convert 1a (base 14) to base 7.
33
Convert -1 (base 8) to base 7.
-1
10 (base 5) to base 6
5
What is 5 (base 10) in base 2?
101
What is 110 (base 3) in base 2?
1100
Convert -12 (base 4) to base 7.
-6
Convert -3 (base 15) to base 9.
-3
-12 (base 3) to base 10
-5
-7 (base 13) to base 6
-11
11 (base 4) to base 14
5
What is -1043 (base 5) in base 12?
-104
What is 100 (base 2) in base 11?
4
What is 148 (base 13) in base 4?
3211
Convert 41 (base 10) to base 2.
101001
-1 (base 2) to base 13
-1
Convert 3 (base 15) to base 6.
3
What is 7 (base 15) in base 7?
10
What is -11 (base 16) in base 10?
-17
Convert -11010 (base 2) to base 4.
-122
Convert -2 (base 8) to base 9.
-2
-25 (base 6) to base 4
-101
Convert 2 (base 13) to base 6.
2
What is -3a (base 16) in base 2?
-111010
1101 (base 4) to base 3
10000
What is 22 (base 10) in base 11?
20
-62 (base 16) to base 6
-242
What is -9 (base 16) in base 5?
-14
-25 (base 14) to base 12
-29
Convert 42 (base 8) to base 12.
2a
-342 (base 6) to base 15
-8e
What is 6 (base 10) in base 16?
6
What is -3 (base 8) in base 15?
-3
-59 (base 14) to base 8
-117
Convert 41 (base 9) to base 7.
52
What is -54 (base 10) in base 3?
-2000
10201 (base 4) to base 8
441
Convert 2 (base 10) to base 12.
2
Convert -113 (base 4) to base 15.
-18
Convert 8 (base 16) to base 14.
8
What is 12d (base 15) in base 4?
10030
What is -2 (base 15) in base 16?
-2
What is -5 (base 7) in base 12?
-5
What is 152 (base 6) in base 3?
2112
Convert 1 (base 11) to base 2.
1
Convert -7 (base 11) to base 9.
-7
What is 3 (base 8) in base 15?
3
What is 3 (base 12) in base 14?
3
1 (base 7) to base 3
1
Convert -24 (base 6) to base 15.
-11
-5 (base 10) to base 2
-101
What is 12001 (base 3) in base 6?
344
What is 2 (base 11) in base 7?
2
-10 (base 2) to base 7
-2
What is -66 (base 9) in base 4?
-330
Convert 250 (base 7) to base 6.
341
-30 (base 9) to base 11
-25
What is 132 (base 4) in base 12?
26
9 (base 14) to base 4
21
Convert -145 (base 7) to base 10.
-82
Convert -3 (base 8) to base 5.
-3
183 (base 12) to base 7
465
What is -15 (base 13) in base 8?
-22
Convert -34 (base 6) to base 12.
-1a
What is -44 (base 6) in base 13?
-22
Convert 224 (base 10) to base 7.
440
5 (base 8) to base 7
5
0 (base 14) to base 12
0
-c (base 14) to base 3
-110
Convert -12 (base 15) to base 7.
-23
What is -11 (base 5) in base 11?
-6
Convert -a4 (base 15) to base 14.
-b0
Convert 13 (base 9) to base 12.
10
Convert -2 (base 13) to base 4.
-2
1 (base 10) to base 16
1
What is -2 (base 7) in base 2?
-10
What is -4 (base 14) in base 7?
-4
Convert 3 (base 6) to base 7.
3
Convert 224 (base 11) to base 14.
152
-544 (base 6) to base 10
-208
Convert 2 (base 6) to base 4.
2
Convert 4 (base 15) to base 16.
4
-3 (base 12) to base 10
-3
What is 1 (base 2) in base 9?
1
Convert -64 (base 10) to base 3.
-2101
What is 100 (base 9) in base 16?
51
Convert 3c (base 15) to base 5.
212
Convert 1dd (base 15) to base 6.
2001
Convert 1b (base 16) to base 8.
33
Convert 1210 (base 3) to base 8.
60
-2 (base 7) to base 2
-10
-139 (base 10) to base 14
-9d
What is -10 (base 5) in base 3?
-12
What is -48 (base 13) in base 5?
-220
Convert 4 (base 7) to base 15.
4
-2 (base 11) to base 6
-2
What is -36 (base 15) in base 8?
-63
What is -5d (base 14) in base 15?
-58
What is 4 (base 12) in base 3?
11
Convert 12 (base 6) to base 3.
22
What is -5 (base 14) in base 6?
-5
-1 (base 16) to base 11
-1
What is -219 (base 10) in base 13?
-13b
3021 (base 4) to base 10
201
What is -10 (base 5) in base 11?
-5
Convert 29 (base 12) to base 16.
21
Convert -2 (base 14) to base 12.
-2
Convert -8 (base 16) to base 14.
-8
Convert 3 (base 15) to base 3.
10
10000111 (base 2) to base 14
99
Convert -13 (base 5) to base 8.
-10
Convert 25 (base 14) to base 3.
1020
What is 301 (base 6) in base 3?
11001
Convert 2 (base 9) to base 16.
2
-108 (base 11) to base 4
-2001
Convert -2022 (base 3) to base 11.
-57
Convert -1 (base 2) to base 13.
-1
What is -c (base 14) in base 12?
-10
1 (base 13) to base 16
1
Convert -14 (base 15) to base 10.
-19
11 (base 3) to base 10
4
Convert 50 (base 7) to base 11.
32
-21 (base 9) to base 15
-14
-4a (base 12) to base 10
-58
Convert -3 (base 15) to base 5.
-3
Convert -101 (base 2) to base 16.
-5
What is -173 (base 11) in base 7?
-405
10 (base 11) to base 7
14
Convert 2 (base 10) to base 12.
2
Convert -22 (base 3) to base 12.
-8
-37 (base 9) to base 12
-2a
4 (base 6) to base 10
4
What is -113 (base 5) in base 4?
-201
Convert 0 (base 5) to base 12.
0
What is 47 (base 13) in base 6?
135
Convert 20 (base 4) to base 16.
8
Convert 13 (base 16) to base 8.
23
What is 33 (base 8) in base 15?
1c
12 (base 12) to base 11
13
What is -74 (base 15) in base 7?
-214
-10 (base 4) to base 14
-4
What is 3121 (base 4) in base 2?
11011001
1042 (base 5) to base 6
403
-76 (base 15) to base 12
-93
What is 74 (base 8) in base 6?
140
-2 (base 16) to base 9
-2
Convert 11 (base 6) to base 11.
7
Convert 143 (base 7) to base 14.
5a
What is -13 (base 7) in base 10?
-10
11 (base 5) to base 9
6
What is -1 (base 11) in base 2?
-1
What is 62 (base 9) in base 7?
110
What is 67 (base 12) in base 3?
2221
What is 3 (base 13) in base 7?
3
126 (base 7) to base 5
234
76 (base 8) to base 15
42
-1a (base 14) to base 11
-22
-1 (base 11) to base 2
-1
-51 (base 12) to base 14
-45
-10 (base 10) to base 15
-a
Convert a (base 16) to base 6.
14
What is 104 (base 10) in base 7?
206
Convert d1 (base 16) to base 11.
180
What is 65 (base 9) in base 6?
135
Convert 84 (base 10) to base 7.
150
What is -5 (base 10) in base 11?
-5
100 (base 4) to base 16
10
What is 255 (base 7) in base 4?
2022
What is -15 (base 12) in base 3?
-122
Convert 16 (base 8) to base 14.
10
What is 134 (base 7) in base 8?
112
Convert -48 (base 14) to base 15.
-44
2 (base 16) to base 2
10
Convert 5 (base 11) to base 3.
12
Convert -6 (base 15) to base 7.
-6
What is 1 (base 7) in base 14?
1
What is 300 (base 7) in base 15?
9c
Convert 3 (base 10) to base 16.
3
Convert -ab (base 12) to base 5.
-1011
28 (base 13) to base 11
31
What is -6 (base 15) in base 13?
-6
What is -5 (base 16) in base 6?
-5
-2 (base 10) to base 5
-2
Convert 20 (base 5) to base 13.
a
5 (base 12) to base 5
10
-5 (base 13) to base 10
-5
What is 247 (base 10) in base 9?
304
Convert -3 (base 6) to base 2.
-11
Convert -18 (base 14) to base 11.
-20
Convert -c (base 13) to base 15.
-c
Convert -47 (base 11) to base 9.
-56
What is 13 (base 7) in base 8?
12
Convert 2 (base 12) to base 6.
2
What is 3 (base 8) in base 16?
3
What is 3 (base 14) in base 16?
3
0 (base 5) to base 13
0
-1110 (base 2) to base 7
-20
5 (base 10) to base 12
5
What is -1120 (base 3) in base 14?
-30
Convert 2